 2*x + 4*n = 20, -5*x - 5*n + 122 = -7*n. What is v(x)?
30
Let f(q) = 7*q**2 + 58*q + 1 + 0 - 38*q + 2. Let r be f(-3). Let y(l) = -4*l**3 - 1 - 2 + 6*l**2 + 3*l**3. Determine y(r).
-3
Let w(i) be the first derivative of -13*i**2 + 9*i + 1902. What is w(-3)?
87
Let l(z) = -2*z**2 + 5*z - 6. Let g(p) = -4*p - 2*p - 30 + 37 + p**2. Let t(o) = 3*g(o) + 2*l(o). Suppose i + 2*i - 4*d + 19 = 0, 10 = -5*d. Calculate t(i).
0
Let x(o) = o**2 + 4*o - 3. Suppose -5*k + 5 = 0, 2*k = -r - 3*k + 8. Let h be (r - (-1 - -2))*-4. Let b be (-24)/(-15)*20/h. Give x(b).
-3
Let i(y) = 88 + 79 - 163 - 9*y. Let h be i(0). Let q(k) = k**3 - 4*k**2 + 3*k - 10. Give q(h).
2
Suppose -4*r - 258 + 806 = 0. Suppose -r = -18*d - 119. Let w(h) be the third derivative of -h**4/8 + h**2. Give w(d).
-3
Let r = 51 - 49. Suppose r*g = -13 + 41. Suppose -5*m + 8 = 3*b - 8, -3*b + g = 4*m. Let y(w) = -2*w - 1. Calculate y(b).
-5
Let m(r) = -r**2 - r - 1. Let b = -9 + 18. Suppose -4*f = -b*f + c - 8, -14 = 2*f - 4*c. Let j be -3 + (-2 - (f - 3)). Determine m(j).
-1
Let r = -41 + 46. Suppose -2*j - 6 = -r*j. Let q(x) = -7*x**2 - 5 - 6*x - j*x**3 + x**3 + 0*x**3. Determine q(-6).
-5
Let y(p) = -4*p**2 - p. Let i be (-2)/(-48)*-4 + 26/12. Let x be 21 - (-2 + 2)/i. Let w = -20 + x. What is y(w)?
-5
Let r(d) = -d**2 + 19*d + 5. Let h be r(19). Suppose 0 = a - 0*w + h*w + 10, -2*w = -3*a + 38. Let f(g) = -g**3 + 9*g**2 + 13*g - 15. Calculate f(a).
15
Let l(u) = -u - 7. Suppose 12*x - 17*x = -15. Suppose -3*s = -0*s + x*o, -o = 2*s + 3. Determine l(s).
-4
Let c(w) = w**2 - 2*w + 2. Suppose 6 + 146 = 4*h. Suppose h*n - 42*n + 8 = 0. Suppose 0 = -4*z - 3*j - n*j + 33, 4*j - 20 = 0. Determine c(z).
2
Let o(f) = 7*f**2 + 2*f + 8. Let g = 321 + -316. Let y(i) = -6*i**2 - 3*i - 7. Let p(l) = g*o(l) + 6*y(l). Give p(-6).
10
Let q(a) be the second derivative of -7*a**5/120 + a**4/4 - a**3/6 + 28*a**2 - 10*a + 11. Let p(z) be the second derivative of q(z). What is p(0)?
6
Let h = -360 - -287. Let i = h - -78. Let y(x) = -x**3 + 5*x**2 + 3*x + 3. Give y(i).
18
Suppose -2*w - 4*c - 10 = 0, 0 = 4*w - 0*w - 4*c - 4. Let m be w - 29/(-3) - (-4)/3. Let x(t) = -t**2 + 11*t - 7. Calculate x(m).
3
Suppose -67*l = 29*l + 1728. Let d(a) = -2*a**2 - 37*a - 13. What is d(l)?
5
Let o(c) = -2*c**3 - 1. Let q(v) = 7 - 11*v**3 + 10*v**3 + 4*v - 10 - 4*v**2. Let g be q(-5). Let a be (1/(-2))/(1/g). Calculate o(a).
1
Let p(q) = q**3 - 2*q**2 - 3*q - 4. Suppose -3*y = 5*w - 148, y = w - 2 + 46. Suppose a - 49 + y = 0. Give p(a).
-4
Let g(a) = -a. Let b(c) = -c + 43. Suppose -33 = 3*n - 165. Let q be b(n). Give g(q).
1
Let b(j) = -j**3 + j**2 - 1. Let v(f) be the second derivative of -3*f**5/10 - f**4/6 - 7*f**3/6 - 50*f. Let k(l) = -5*b(l) + v(l). Give k(-6).
11
Let t(p) = -16*p - 9. Let d be (-360)/(-36)*((-10)/(-4))/(-5). Calculate t(d).
71
Let c(y) = 5*y**3 - 11*y**2 + 71*y + 4. Let k(p) = 7*p**3 - 12*p**2 + 83*p + 6. Let r(w) = 6*c(w) - 5*k(w). Calculate r(1).
-6
Let x(q) be the second derivative of 0 + q**2 + 80*q + 1/12*q**4 + 1/3*q**3 + 1/10*q**5. What is x(-2)?
-14
Let o(g) = -g**2 - 2 + 0 + 4*g**2 + g**3. Let q be (1 + 13)*(-68)/(-238). Let y be (-24)/15*(13/2 - q). What is o(y)?
-18
Let l(j) be the third derivative of j**6/360 + 7*j**5/120 + 5*j**4/8 - 3*j**2 + 16. Let k(v) be the second derivative of l(v). Determine k(-10).
-13
Let x(j) be the second derivative of -j**3/6 - 7*j**2/2 + 98*j + 4. Suppose -11*i = -9*i - 4. Suppose -3*h - 55 = 5*c + 2*h, 2 = -2*c + i*h. What is x(c)?
-1
Suppose -2*k + 3*c + 222 = 0, -39*k = -43*k + 5*c + 448. Let o be (4/2)/(-16) + k/104. Let a(t) = -12*t**2 + 2*t - 1. Calculate a(o).
-11
Let m(x) = 4*x**2 + 35*x - 6. Let v be m(-9). Suppose 25 = 3*h + 4*q - 12, -q = -v*h + 17. Let d(c) = c**2 - 8*c - 4. Calculate d(h).
-11
Let t(m) be the first derivative of 8*m**2 - 5*m + 1368. Calculate t(6).
91
Let v(c) = -c - 18. Suppose -2*o - 981 = 5*g - 1011, -3*o + 17 = 4*g. Determine v(g).
-26
Suppose -19*u + 56 = 18. Let t = 13 + -9. Let r(p) = 2 - p**3 - t*p + 3*p - p + p**2. Give r(u).
-6
Let j(m) = -m**2 + 7*m + 1. Let z = -847 + 855. Calculate j(z).
-7
Let k(c) = -70 - 97 + 15 + 24*c - 18 + 20. Calculate k(6).
-6
Let j = -146109 - -146100. Let p(l) be the first derivative of l**4/4 + 3*l**3 + 2*l**2 + 13*l + 1. Determine p(j).
-23
Let m(v) = -2*v**3 + 9*v + 8 - 2*v + 7*v**2 + 3*v**3. Let n(r) = r**3 - 68*r**2 + 56*r + 731. Let i be n(67). What is m(i)?
2
Let u(a) = -a**3 + 3*a**2 + a + 1. Suppose 4*n = 597 + 711. Let s = n - 329. Give u(s).
19
Let j(i) = -11*i - 142. Let k(o) = 17*o + 203. Let b(g) = -7*j(g) - 5*k(g). Calculate b(-1).
-13
Let b(s) = s**3 - 11*s**2 + 30*s - 9. Suppose 18 = 4*g + p, 12*g - 9*g + 3*p = 18. Calculate b(g).
-1
Let o(n) = -21*n - 33*n + 61*n + 85 - 24*n. Calculate o(6).
-17
Let d(y) = 2*y**3 - 5*y**2 - 6*y + 6. Let i(l) = -l**3 - 3*l**2 - 2*l + 1. Let r(x) = d(x) + 3*i(x). Suppose 0 = -0*z + z + 13. Calculate r(z).
-4
Let a(u) = 7*u + 11. Suppose -9 = -3*j, -2*n + 3*j - 5 - 20 = 0. Determine a(n).
-45
Let c(l) = l**2 - 5*l + 7. Let y(p) = -p - 7. Let a(m) = c(m) + 2*y(m). Determine a(8).
1
Let h = -32 - -40. Suppose 4*y - 4*r - h = 0, y - 3*r = 4 - 6. Let g(k) be the first derivative of k**2 - 5*k - 87. Give g(y).
3
Let t(d) be the second derivative of d**5/20 - d**4 + 4*d**3 - 27*d**2/2 + 5*d - 62. Determine t(10).
13
Let g(a) be the second derivative of -a**5/20 - 7*a**4/12 - a**3/6 - a. Suppose y + 144 = 5*z + 87, 3*z = -y + 23. Determine g(y).
7
Let l(k) = -11*k + 30*k - 25637840*k**2 + 48 + 25637839*k**2. Determine l(23).
-44
Suppose -201 = -13*k - 58. Let i(y) = 2*y**2 - 3*y - 13. Let f(g) = -g**2 - 2*g + 14. Let o(x) = -3*f(x) - 2*i(x). Give o(k).
-5
Let l(g) be the first derivative of -2*g**3/3 - g**2 - 11*g - 3. Let q(w) be the first derivative of l(w). Let r be ((-4)/1 - -3)*-1*3. Determine q(r).
-14
Let o(q) = -2*q**2 + 37*q - 45. Let s(p) = -p**3 - 12*p**2 + 94*p + 497. Let h be s(-16). What is o(h)?
6
Let t(q) = q**3 + 4*q**2 - 10*q + 1. Let b = 4539 - 4544. Give t(b).
26
Let c = 9571 + -9583. Let p(h) = h**3 + 10*h**2 - 22*h - 23. Give p(c).
-47
Let v(b) = 462*b - 3 - 471*b + 1 + 4. Determine v(4).
-34
Let h(y) = -136 - 5*y - 2*y - y**2 + 250 - 108. Determine h(-5).
16
Let s(v) = v**3 - 11*v**2 + v - 9. Let b be s(11). Let n be -8*((b - (-20)/(-8)) + 0). Let z(m) = -2 - 5*m - n - 3*m + m**2 - 2*m**2. Calculate z(-8).
-6
Let a(d) = 8*d - 5 - 17*d + 17*d + 0 - 12. Determine a(7).
39
Let g(x) = -x**2 - 7*x - 1. Let c(l) = 84*l + 4. Let d be c(-2). Let w = d + 157. What is g(w)?
-1
Let b(k) = k - 9*k + 0 + 6*k - 5. Let r = -1151 + 1160. Give b(r).
-23
Let g(i) be the first derivative of i**3/3 + 5*i**2 - 27*i + 1154. Give g(3).
12
Let i(s) be the second derivative of s**4/6 - 4*s**3/3 - 10*s**2 - 3*s + 1975. Calculate i(8).
44
Let b(x) = -x - 1. Let y be -6 + -3 + 7 - -31. Let d = -31 + y. Let l be d/(-14) - (-13)/7. Give b(l).
-3
Let z(w) = -21*w**2 - 12 + 961*w - 939*w - w**3 - 15. Give z(-22).
-27
Let f(z) = 2*z**2 + 21*z - 4. Let d(j) = -2*j**2 + 10*j - 2. Let r(x) = 2*d(x) - f(x). Let y(t) = 0 - 2 + 1 + 2*t. Let l be y(1). Calculate r(l).
-7
Let o(n) = 25*n - 61. Let s(q) = -14*q + 32. Let z(d) = -3*o(d) - 5*s(d). What is z(8)?
-17
Let o(k) = k**3 + 16*k**2 - k + 12. Let b(p) = 5*p**3 + 63*p**2 - 4*p + 47. Let h(z) = 2*b(z) - 9*o(z). Calculate h(18).
4
Let w(i) = -i + 1. Let f(h) = 6*h - 6. Let p(v) = -f(v) - 8*w(v). Let g(s) = s**3 - 78*s**2 + 1035*s + 115. Let o be g(61). Give p(o).
-16
Let u(z) = 10*z + 8. Let a be u(0). Suppose 1 + 55 = -a*d. Let t(j) = -j**2 - 7*j - 7. Let k(o) = -o - 1. Let c(x) = k(x) + t(x). Calculate c(d).
-1
Let z(i) = 11*i - 2*i + 11*i**2 - 4 - 8*i**2 + 21. Determine z(-7).
101
Let b(k) = -k**3 - 7*k**2 - 6*k - 4. Let l(f) = -15*f + 84. Let a = -554 + 560. Let m be l(a). Give b(m).
-4
Suppose 4 = 2*z - 6. Let g be (42/(-15))/7 - 18/z. Let j(u) = 5*u**2 - 2*u - 7. Let y(r) = 9*r**2 - 4*r - 13. Let d(v) = g*y(v) + 7*j(v). Determine d(4).
-5
Let i(d) = -5*d - 6. Let s(u) = -7*u**3 - 5*u**2 - u - 15. Let l(p) = 9*p**3 + 5*p**2 + 2*p + 16. Let x(r) = -4*l(r) - 5*s(r). Let k be x(5). What is i(k)?
14
Suppose -6*h + 2*r + 5 = -h, 5*r = -4*h + 37. Suppose -2 - 13 = 5*u - 5*p, 12 = h*u + 4*p. Let t(l) = -232*l + u